the prime factors of 1218.
2, 3, 7, 29
List the prime factors of 3254.
2, 1627
List the prime factors of 75068.
2, 7, 383
What are the prime factors of 858?
2, 3, 11, 13
List the prime factors of 14622.
2, 3, 2437
List the prime factors of 14221.
14221
List the prime factors of 4229.
4229
What are the prime factors of 17750?
2, 5, 71
List the prime factors of 4725.
3, 5, 7
What are the prime factors of 5536?
2, 173
What are the prime factors of 8130?
2, 3, 5, 271
What are the prime factors of 21581?
7, 3083
List the prime factors of 591.
3, 197
List the prime factors of 13286.
2, 7, 13, 73
List the prime factors of 1686.
2, 3, 281
What are the prime factors of 301?
7, 43
List the prime factors of 124866.
2, 3, 7, 991
List the prime factors of 663.
3, 13, 17
List the prime factors of 22950.
2, 3, 5, 17
What are the prime factors of 1710?
2, 3, 5, 19
List the prime factors of 312.
2, 3, 13
What are the prime factors of 32330?
2, 5, 53, 61
List the prime factors of 47195.
5, 9439
What are the prime factors of 38877?
3, 12959
List the prime factors of 1527.
3, 509
What are the prime factors of 2602?
2, 1301
List the prime factors of 43.
43
What are the prime factors of 1463?
7, 11, 19
What are the prime factors of 3767?
3767
What are the prime factors of 49102?
2, 24551
List the prime factors of 8510.
2, 5, 23, 37
What are the prime factors of 14439?
3, 4813
List the prime factors of 793.
13, 61
List the prime factors of 61520.
2, 5, 769
What are the prime factors of 108471?
3, 11, 19, 173
List the prime factors of 1372.
2, 7
List the prime factors of 1701.
3, 7
List the prime factors of 45135.
3, 5, 17, 59
What are the prime factors of 24225?
3, 5, 17, 19
What are the prime factors of 74585?
5, 7, 2131
What are the prime factors of 709?
709
List the prime factors of 19744.
2, 617
List the prime factors of 42.
2, 3, 7
List the prime factors of 2114.
2, 7, 151
What are the prime factors of 1058?
2, 23
List the prime factors of 1159.
19, 61
What are the prime factors of 1745?
5, 349
What are the prime factors of 3763?
53, 71
List the prime factors of 62217.
3, 31, 223
What are the prime factors of 3164?
2, 7, 113
What are the prime factors of 426?
2, 3, 71
List the prime factors of 4753.
7, 97
What are the prime factors of 30277?
13, 17, 137
List the prime factors of 5477.
5477
What are the prime factors of 9590?
2, 5, 7, 137
List the prime factors of 7870.
2, 5, 787
What are the prime factors of 22718?
2, 37, 307
What are the prime factors of 664?
2, 83
What are the prime factors of 4349?
4349
List the prime factors of 5818.
2, 2909
List the prime factors of 25224.
2, 3, 1051
What are the prime factors of 232?
2, 29
List the prime factors of 47624.
2, 5953
List the prime factors of 3536.
2, 13, 17
List the prime factors of 1062.
2, 3, 59
What are the prime factors of 3425?
5, 137
What are the prime factors of 23896?
2, 29, 103
What are the prime factors of 1217?
1217
List the prime factors of 781.
11, 71
What are the prime factors of 1484?
2, 7, 53
List the prime factors of 723.
3, 241
What are the prime factors of 10754?
2, 19, 283
What are the prime factors of 8184?
2, 3, 11, 31
What are the prime factors of 838?
2, 419
List the prime factors of 2810.
2, 5, 281
List the prime factors of 52024.
2, 7, 929
List the prime factors of 1153.
1153
What are the prime factors of 141?
3, 47
What are the prime factors of 6630?
2, 3, 5, 13, 17
What are the prime factors of 158730?
2, 3, 5, 11, 13, 37
What are the prime factors of 132741?
3, 7, 43
What are the prime factors of 421?
421
List the prime factors of 1242.
2, 3, 23
What are the prime factors of 864?
2, 3
What are the prime factors of 379?
379
List the prime factors of 74516.
2, 13, 1433
What are the prime factors of 4671?
3, 173
What are the prime factors of 9995?
5, 1999
What are the prime factors of 33869?
11, 3079
List the prime factors of 2155.
5, 431
What are the prime factors of 4925?
5, 197
List the prime factors of 8181.
3, 101
List the prime factors of 594.
2, 3, 11
What are the prime factors of 1255?
5, 251
List the prime factors of 59.
59
What are the prime factors of 511?
7, 73
What are the prime factors of 19917?
3, 2213
What are the prime factors of 33728?
2, 17, 31
List the prime factors of 42431.
151, 281
What are the prime factors of 601?
601
List the prime factors of 18.
2, 3
What are the prime factors of 64472?
2, 8059
What are the prime factors of 485?
5, 97
List the prime factors of 2051.
7, 293
List the prime factors of 991.
991
What are the prime factors of 345?
3, 5, 23
What are the prime factors of 85921?
11, 73, 107
What are the prime factors of 5567?
19, 293
What are the prime factors of 115396?
2, 17, 1697
What are the prime factors of 15452?
2, 3863
List the prime factors of 36562.
2, 101, 181
List the prime factors of 9740.
2, 5, 487
List the prime factors of 946.
2, 11, 43
What are the prime factors of 747?
3, 83
List the prime factors of 1181.
1181
What are the prime factors of 6618?
2, 3, 1103
What are the prime factors of 2305?
5, 461
List the prime factors of 1617.
3, 7, 11
List the prime factors of 31780.
2, 5, 7, 227
List the prime factors of 1625.
5, 13
List the prime factors of 45646.
2, 29, 787
What are the prime factors of 1482?
2, 3, 13, 19
List the prime factors of 109318.
2, 11, 4969
What are the prime factors of 26651?
29, 919
What are the prime factors of 19933?
31, 643
List the prime factors of 2466.
2, 3, 137
List the prime factors of 8928.
2, 3, 31
List the prime factors of 157037.
157037
List the prime factors of 4800.
2, 3, 5
What are the prime factors of 3616?
2, 113
List the prime factors of 10448.
2, 653
List the prime factors of 418.
2, 11, 19
What are the prime factors of 602?
2, 7, 43
What are the prime factors of 1708?
2, 7, 61
What are the prime factors of 669?
3, 223
What are the prime factors of 9482?
2, 11, 431
What are the prime factors of 1080?
2, 3, 5
What are the prime factors of 53155?
5, 10631
What are the prime factors of 2216?
2, 277
What are the prime factors of 33550?
2, 5, 11, 61
List the prime factors of 50956.
2, 12739
List the prime factors of 35281.
35281
List the prime factors of 36784.
2, 11, 19
List the prime factors of 83906.
2, 41953
List the prime factors of 34371.
3, 19, 67
List the prime factors of 804.
2, 3, 67
List the prime factors of 514.
2, 257
List the prime factors of 2275.
5, 7, 13
List the prime factors of 7829.
7829
List the prime factors of 1995.
3, 5, 7, 19
What are the prime factors of 199?
199
What are the prime factors of 16733?
29, 577
What are the prime factors of 13404?
2, 3, 1117
List the prime factors of 3338.
2, 1669
List the prime factors of 14901.
3, 4967
What are the prime factors of 485?
5, 97
List the prime factors of 2103.
3, 701
What are the prime factors of 19545?
3, 5, 1303
List the prime factors of 4599.
3, 7, 73
List the prime factors of 74.
2, 37
What are the prime factors of 2273?
2273
What are the prime factors of 874?
2, 19, 23
List the prime factors of 1789.
1789
List the prime factors of 558.
2, 3, 31
List the prime factors of 3133.
13, 241
List the prime factors of 9495.
3, 5, 211
What are the prime factors of 777?
3, 7, 37
List the prime factors of 1602.
2, 3, 89
List the prime factors of 509.
509
List the prime factors of 1142.
2, 571
List the prime factors of 44395.
5, 13, 683
List the prime factors of 11376.
2, 3, 79
What are the prime factors of 38177?
38177
List the prime factors of 80604.
2, 3, 2239
List the prime factors of 6718.
2, 3359
List the prime factors of 57413.
57413
What are the prime factors of 86558?
2, 113, 383
What are the prime factors of 1019?
1019
List the prime factors of 50370.
2, 3, 5, 23, 73
What are the prime factors of 17528?
2, 7, 313
What are the prime factors of 189?
3, 7
What are the prime factors of 305?
5, 61
List the prime factors of 5658.
2, 3, 23, 41
List the prime factors of 5294.
2, 2647
List the prime factors of 305.
5, 61
What are the prime factors of 36261?
3, 17, 79
What are the prime factors of 2483?
13, 191
What are the prime factors of 2211?
3, 11, 67
List the prime factors of 131169.
3, 23, 1901
List the prime factors of 118200.
2, 3, 5, 197
List the prime factors of 139026.
2, 3, 17, 29, 47
List the prime factors of 1550.
